omposite number?
True
Is 6469891 a prime number?
True
Is 150468521 a prime number?
False
Is 16090709 prime?
True
Is 34512353 composite?
False
Is 3000265 composite?
True
Is 1241335 a composite number?
True
Is 142115569 a composite number?
False
Is 4525253 composite?
False
Is 376335931 prime?
True
Is 88252223 a composite number?
False
Is 285784457 prime?
False
Is 107449651 composite?
True
Is 1031 composite?
False
Is 12800617 a composite number?
True
Is 3233521 prime?
True
Is 157473853 composite?
False
Is 2995123 a composite number?
True
Is 46897181 a prime number?
True
Is 2232205 prime?
False
Is 133469351 prime?
True
Is 1682243 a prime number?
False
Is 400044533 composite?
True
Is 6429611 composite?
True
Is 2625307 composite?
False
Is 614101529 composite?
True
Is 1105277 prime?
False
Is 17285449 a prime number?
False
Is 28888693 a composite number?
True
Is 14336093 a prime number?
True
Is 132622349 a prime number?
False
Is 59965891 a prime number?
False
Is 50604871 prime?
True
Is 479 a prime number?
True
Is 110651213 a prime number?
True
Is 48651 a prime number?
False
Is 77306017 a prime number?
False
Is 3369959 a prime number?
True
Is 1005192219 a composite number?
True
Is 533676539 prime?
False
Is 20333849 a composite number?
False
Is 170545421 composite?
False
Is 621313279 a composite number?
False
Is 200153 composite?
False
Is 27449977 a prime number?
False
Is 29758931 composite?
False
Is 207457 a composite number?
False
Is 36429373 a composite number?
True
Is 5488069 composite?
True
Is 6415349 prime?
False
Is 2153051 prime?
True
Is 5107107 a composite number?
True
Is 23750527 prime?
False
Is 3680881 composite?
False
Is 26346377 composite?
True
Is 3468293 a composite number?
False
Is 22778747 prime?
True
Is 20134563 a composite number?
True
Is 101321057 composite?
False
Is 4800473 prime?
False
Is 2434547 composite?
True
Is 158089 composite?
True
Is 172219499 composite?
False
Is 1866903 composite?
True
Is 1677967 prime?
False
Is 4443683 a composite number?
True
Is 3185023 a prime number?
True
Is 88232917 composite?
False
Is 582261539 composite?
False
Is 11819777 a composite number?
True
Is 4837177 a composite number?
True
Is 207428783 a composite number?
False
Is 11116517 prime?
True
Is 3161255 prime?
False
Is 24600379 a composite number?
False
Is 10462451 a prime number?
True
Is 42792409 a composite number?
True
Is 4076671 prime?
False
Is 925037863 prime?
True
Is 9839179 prime?
False
Is 1635273493 prime?
False
Is 12402431 a prime number?
True
Is 34610413 prime?
True
Is 2495261 prime?
False
Is 363350621 composite?
False
Is 3156583 composite?
False
Is 22287257 composite?
False
Is 5923897 a composite number?
True
Is 13120714 a composite number?
True
Is 10900891 a prime number?
True
Is 7943153 prime?
False
Is 37458095 a prime number?
False
Is 56782903 composite?
False
Is 4708159 a prime number?
True
Is 747966511 a prime number?
False
Is 56796121 a prime number?
True
Is 220404419 composite?
True
Is 260815277 composite?
False
Is 3874319 a prime number?
True
Is 648203 prime?
False
Is 20574959 composite?
False
Is 9233407 prime?
True
Is 104107193 a composite number?
True
Is 28275157 prime?
True
Is 559105 a composite number?
True
Is 954827 prime?
True
Is 5132531 a composite number?
False
Is 241750211 a composite number?
False
Is 2966765 composite?
True
Is 14865241 a prime number?
True
Is 16312993 a composite number?
True
Is 1280921 a prime number?
True
Is 44063057 composite?
False
Is 11885897 composite?
True
Is 30797441 a prime number?
True
Is 731035829 a prime number?
True
Is 1334477 a prime number?
True
Is 58786003 a composite number?
False
Is 29233931 composite?
True
Is 41466181 a prime number?
False
Is 16632421 a composite number?
True
Is 64576283 composite?
False
Is 328914269 a prime number?
True
Is 206487983 a prime number?
False
Is 7116069 composite?
True
Is 1617347 a prime number?
True
Is 65134567 prime?
True
Is 90104377 prime?
False
Is 65407603 a composite number?
False
Is 1484111 prime?
True
Is 685059 a prime number?
False
Is 1745687 a composite number?
False
Is 13140551 a prime number?
True
Is 23277011 a composite number?
True
Is 7533947 prime?
True
Is 25621 a prime number?
True
Is 1403371 prime?
True
Is 169036771 prime?
True
Is 2520971 prime?
True
Is 19998479 a composite number?
False
Is 51625699 prime?
False
Is 510235507 a composite number?
True
Is 2498513 prime?
False
Is 28802861 a composite number?
True
Is 51697587 composite?
True
Is 50564663 a composite number?
False
Is 61406959 a prime number?
False
Is 1502057 prime?
True
Is 403239659 a prime number?
True
Is 83172511 prime?
True
Is 4164063 a composite number?
True
Is 17495915 prime?
False
Is 372800437 a composite number?
False
Is 2572943 a prime number?
False
Is 10412431 a prime number?
True
Is 977671 a composite number?
False
Is 16418735 a prime number?
False
Is 46906333 a prime number?
False
Is 22152281 composite?
False
Is 14750191 a prime number?
True
Is 90734893 a composite number?
False
Is 3361107 a prime number?
False
Is 372771409 prime?
True
Is 53020213 prime?
False
Is 5511473 composite?
True
Is 41418517 composite?
True
Is 17849249 composite?
True
Is 52078901 a prime number?
False
Is 21901739 a composite number?
False
Is 242357 composite?
False
Is 87330917 prime?
True
Is 2950889 prime?
True
Is 39320447 prime?
False
Is 22809777 composite?
True
Is 73547953 a prime number?
True
Is 4064777 a composite number?
True
Is 1764541 a prime number?
True
Is 3917549 a composite number?
False
Is 3010523 a composite number?
False
Is 1809202 prime?
False
Is 9755462 a prime number?
False
Is 8742023 a prime number?
False
Is 103654393 prime?
True
Is 64899869 composite?
False
Is 6512699 a composite number?
False
Is 5370503 a composite number?
False
Is 15104273 a prime number?
False
Is 23846723 prime?
True
Is 323935741 a prime number?
True
Is 16109329 composite?
False
Is 38696459 composite?
True
Is 19395661 prime?
True
Is 185265689 a prime number?
False
Is 38568611 composite?
True
Is 33358991 a composite number?
False
Is 5550063 prime?
False
Is 4461589 a prime number?
False
Is 8722803 composite?
True
Is 7780478 a prime number?
False
Is 3915239 composite?
False
Is 461354133 a prime number?
False
Is 30596507 a prime number?
True
Is 837595177 a composite number?
False
Is 4607815 prime?
False
Is 10776341 a composite number?
True
Is 71945177 composite?
False
Is 106167161 composite?
False
Is 18006403 a prime number?
False
Is 1162331 composite?
True
Is 329746565 prime?
False
Is 21161 prime?
False
Is 9934438 a composite number?
True
Is 2039953 prime?
False
Is 2434559 a composite number?
False
Is 6757327 a prime number?
True
Is 1357333 a prime number?
True
Is 168609839 prime?
True
Is 144379 a prime number?
True
Is 72878269 a composite number?
True
Is 50163907 composite?
True
Is 461901359 a composite number?
False
Is 37507549 composite?
True
Is 721511699 a prime number?
True
Is 510481 a composite number?
False
Is 60839791 composite?
True
Is 392279 composite?
False
Is 64350787 composite?
False
Is 8404637 prime?
False
Is 1048909 composite?
False
Is 79646029 composite?
False
Is 16575373 prime?
True
Is 3330461 prime?
True
Is 38806063 prime?
True
Is 272313577 prime?
False
Is 9587957 composite?
True
Is 7444891 prime?
False
Is 7730561 a prime number?
True
Is 4005019 composite?
False
Is 7039727 a prime number?
True
Is 3502021 a composite number?
False
Is 23699267 a prime number?
True
Is 45558473 a composite number?
False
Is 329444461 a composite number?
True
Is 1676329 prime?
False
Is 1037870737 composite?
False
Is 10881821 a prime number?
True
Is 153811601 a prime number?
True
Is 1005119 prime?
False
Is 4026593 prime?
True
Is 281062721 a prime number?
True
Is 417736231 a prime number?
False
Is 7519943 a composite number?
False
Is 181989853 a composite number?
False
Is 14153959 prime?
True
Is 647293 prime?
True
Is 22672759 a composite number?
True
Is 23701103 a composite number?
False
Is 1263751 a composite number?
False
Is 14214527 a composite number?
True
Is 187847201 a prime number?
True
Is 73514479 composite?
False
Is 5895443 a prime number?
True
Is 7109891 a composite number?
True
Is 413019863 composite?
True
Is 90846449 a prime number?
True
Is 25264901 composite?
True
Is 210582707 composite?
False
Is 48904